actors of 71996382?
2, 3, 103, 38833
What are the prime factors of 774866577?
3, 593, 435563
What are the prime factors of 199145487?
3, 41, 1619069
List the prime factors of 19204049.
19204049
What are the prime factors of 61595318?
2, 17, 1811627
What are the prime factors of 2120688508?
2, 3037, 174571
List the prime factors of 1365152655.
3, 5, 1213, 75029
List the prime factors of 37175720.
2, 5, 929393
What are the prime factors of 138556550?
2, 5, 11, 19, 13259
What are the prime factors of 207352395?
3, 5, 661, 6971
What are the prime factors of 25483016?
2, 13, 245029
What are the prime factors of 1091057634?
2, 3, 19, 1063409
List the prime factors of 18197576.
2, 127, 17911
What are the prime factors of 4392224690?
2, 5, 7, 613, 102359
List the prime factors of 20050292.
2, 5012573
List the prime factors of 1666137560.
2, 5, 41653439
What are the prime factors of 2158822600?
2, 5, 11, 981283
List the prime factors of 269479982.
2, 134739991
List the prime factors of 232475808.
2, 3, 53, 45691
List the prime factors of 329058835.
5, 7, 2399, 3919
List the prime factors of 645009350.
2, 5, 3019, 4273
What are the prime factors of 3101433502?
2, 31, 71, 704551
List the prime factors of 2980880699.
2980880699
What are the prime factors of 91565061?
3, 7, 4360241
What are the prime factors of 2888688823?
283, 10207381
List the prime factors of 71301723.
3, 17, 653, 2141
List the prime factors of 2877709.
17, 109, 1553
List the prime factors of 409393708.
2, 102348427
List the prime factors of 2008500352.
2, 15691409
What are the prime factors of 277559053?
41, 6769733
List the prime factors of 213983661.
3, 2129, 33503
List the prime factors of 34284734.
2, 11, 1558397
What are the prime factors of 36363190?
2, 5, 827, 4397
What are the prime factors of 699119021?
699119021
What are the prime factors of 521210986?
2, 389, 669937
List the prime factors of 66729366.
2, 3, 11, 112339
What are the prime factors of 10446674?
2, 7, 746191
List the prime factors of 40412292.
2, 3, 47, 79, 907
List the prime factors of 537274192.
2, 7, 13, 369007
List the prime factors of 172995986.
2, 86497993
List the prime factors of 44640629.
11, 311, 13049
What are the prime factors of 1253833197?
3, 113, 3698623
What are the prime factors of 38343913?
103, 372271
What are the prime factors of 59463337?
59463337
What are the prime factors of 5384906458?
2, 49937, 53917
List the prime factors of 67498965.
3, 5, 1499977
What are the prime factors of 273219979?
43, 2207, 2879
List the prime factors of 40585905.
3, 5, 901909
List the prime factors of 938118230.
2, 5, 7, 1914527
List the prime factors of 85444730.
2, 5, 7, 29, 859
List the prime factors of 208801093.
208801093
List the prime factors of 1160752155.
3, 5, 23, 1097, 3067
List the prime factors of 163142855.
5, 32628571
What are the prime factors of 841617601?
11, 181, 422711
List the prime factors of 883635454.
2, 13, 397, 85607
What are the prime factors of 6943422?
2, 3, 1157237
What are the prime factors of 245388227?
7, 29, 172687
What are the prime factors of 40547504?
2, 31, 81749
What are the prime factors of 3410332996?
2, 7, 121797607
List the prime factors of 1930505508.
2, 3, 293, 61007
List the prime factors of 58714981.
13, 67, 67411
What are the prime factors of 299649238?
2, 7, 41, 522037
List the prime factors of 29767561.
17, 1751033
List the prime factors of 3452836488.
2, 3, 499, 288313
List the prime factors of 449143932.
2, 3, 37428661
List the prime factors of 169235658.
2, 3, 9401981
What are the prime factors of 602019767?
6869, 87643
List the prime factors of 6402625137.
3, 43, 1481, 11171
List the prime factors of 263132380.
2, 5, 7, 1879517
What are the prime factors of 6121525238?
2, 109, 149, 188459
What are the prime factors of 100009247?
13, 149, 51631
What are the prime factors of 242727118?
2, 313, 387743
What are the prime factors of 282230408?
2, 19, 61, 499
List the prime factors of 9662690.
2, 5, 191, 5059
List the prime factors of 303511272.
2, 3, 787, 16069
What are the prime factors of 87473170?
2, 5, 2689, 3253
List the prime factors of 34037522.
2, 17018761
List the prime factors of 173728094.
2, 227, 382661
List the prime factors of 300662910.
2, 3, 5, 73, 45763
List the prime factors of 69920632.
2, 269, 32491
What are the prime factors of 79643199?
3, 3253, 8161
List the prime factors of 956921334.
2, 3, 281, 567569
What are the prime factors of 37416095?
5, 1549, 4831
What are the prime factors of 83289307?
17, 4899371
What are the prime factors of 1155918246?
2, 3, 7, 27521863
What are the prime factors of 1228540520?
2, 5, 47, 113, 5783
List the prime factors of 24272735.
5, 4854547
What are the prime factors of 7101225803?
7, 1014460829
What are the prime factors of 121038629?
131, 923959
What are the prime factors of 1662192145?
5, 113, 151, 19483
List the prime factors of 12045800.
2, 5, 13, 41, 113
List the prime factors of 8607797.
11, 17, 191, 241
What are the prime factors of 1620961736?
2, 202620217
List the prime factors of 430346078.
2, 215173039
What are the prime factors of 79301807?
13, 6100139
What are the prime factors of 41307762?
2, 3, 37, 186071
What are the prime factors of 96604411?
47, 109, 173
What are the prime factors of 4152275?
5, 41, 4051
What are the prime factors of 112745010?
2, 3, 5, 7, 47, 11423
What are the prime factors of 6225074189?
47, 10531, 12577
List the prime factors of 15843440.
2, 5, 198043
What are the prime factors of 1045034227?
29, 1277, 28219
List the prime factors of 92268487.
2789, 33083
What are the prime factors of 2170173530?
2, 5, 7, 29, 1069051
What are the prime factors of 1859500605?
3, 5, 7001, 17707
What are the prime factors of 57944013?
3, 137, 140983
List the prime factors of 5720808452.
2, 2251, 635363
What are the prime factors of 4631951935?
5, 13, 71260799
What are the prime factors of 52516573?
31, 1694083
What are the prime factors of 72192096?
2, 3, 19, 79, 167
List the prime factors of 1127545773.
3, 3853, 97547
List the prime factors of 155921073.
3, 7, 11, 41, 101, 163
List the prime factors of 35689718.
2, 17844859
What are the prime factors of 2251762507?
29, 3613, 21491
List the prime factors of 515908397.
4229, 121993
List the prime factors of 185525961.
3, 859, 71993
List the prime factors of 274724169.
3, 307, 313, 953
List the prime factors of 3749663410.
2, 5, 163, 257, 8951
List the prime factors of 3493021481.
3493021481
List the prime factors of 210835894.
2, 19, 23, 149, 1619
List the prime factors of 385349128.
2, 1289, 37369
What are the prime factors of 2299750205?
5, 97, 4741753
What are the prime factors of 294624032?
2, 19, 41, 53, 223
What are the prime factors of 259951286?
2, 7, 59, 314711
List the prime factors of 5147600267.
4483, 1148249
What are the prime factors of 2149281192?
2, 3, 199, 311, 1447
What are the prime factors of 85953565?
5, 757, 22709
What are the prime factors of 12884914?
2, 7, 229, 4019
What are the prime factors of 524166731?
11, 1093, 43597
What are the prime factors of 28855474?
2, 14427737
What are the prime factors of 853233844?
2, 213308461
What are the prime factors of 938302098?
2, 3, 3547, 44089
List the prime factors of 5963760630.
2, 3, 5, 66264007
What are the prime factors of 4524401549?
4524401549
List the prime factors of 188850676.
2, 7, 6744667
What are the prime factors of 1140414116?
2, 285103529
What are the prime factors of 84737487?
3, 28245829
List the prime factors of 18364639.
47, 390737
What are the prime factors of 1342814618?
2, 20639, 32531
What are the prime factors of 102148325?
5, 17, 240349
List the prime factors of 57789234.
2, 3, 1070171
List the prime factors of 1299865474.
2, 317, 2050261
List the prime factors of 7702687178.
2, 137, 28111997
List the prime factors of 46128103.
7, 47, 140207
List the prime factors of 39985943.
3881, 10303
What are the prime factors of 182909626?
2, 91454813
What are the prime factors of 352107458?
2, 2879, 61151
What are the prime factors of 2057712229?
3217, 639637
List the prime factors of 9675890.
2, 5, 7, 17, 47, 173
What are the prime factors of 152231670?
2, 3, 5, 563821
What are the prime factors of 38951476?
2, 41, 237509
List the prime factors of 325526